{"id":6724,"date":"2024-05-02T14:24:10","date_gmt":"2024-05-02T17:24:10","guid":{"rendered":"https:\/\/juntatreintaytres.gub.uy\/?page_id=6724"},"modified":"2024-05-02T14:24:13","modified_gmt":"2024-05-02T17:24:13","slug":"decretos-ano-2024","status":"publish","type":"page","link":"https:\/\/juntatreintaytres.gub.uy\/?page_id=6724","title":{"rendered":"Decretos a\u00f1o 2024"},"content":{"rendered":"\n<ul class=\"\"><li><a href=\"https:\/\/juntatreintaytres.gub.uy\/wp-content\/uploads\/2024\/01-2024 - Modificaci\u00f3n art. 5 del decreto 10-1997.pdf\"><span class=\"filename\">01-2024 - Modificaci\u00f3n art. 5 del decreto 10-1997.pdf<\/span><span class=\\\"filesize\\\"> (61.42 Kb)<\/span><\/a><\/li><li><a href=\"https:\/\/juntatreintaytres.gub.uy\/wp-content\/uploads\/2024\/02-2024 - Declaraci\u00f3n inter\u00e9s departamental mausoleo de Alves.pdf\"><span class=\"filename\">02-2024 - Declaraci\u00f3n inter\u00e9s departamental mausoleo de Alves.pdf<\/span><span class=\\\"filesize\\\"> (81.89 Kb)<\/span><\/a><\/li><li><a href=\"https:\/\/juntatreintaytres.gub.uy\/wp-content\/uploads\/2024\/03-2024 - Declaraci\u00f3n inter\u00e9s cultural mausoleo de Alves.pdf\"><span class=\"filename\">03-2024 - Declaraci\u00f3n inter\u00e9s cultural mausoleo de Alves.pdf<\/span><span class=\\\"filesize\\\"> (81.87 Kb)<\/span><\/a><\/li><li><a href=\"https:\/\/juntatreintaytres.gub.uy\/wp-content\/uploads\/2024\/04-2024 - Anuencia para enajenar bienes inmuebles complejo DC-1.pdf\"><span class=\"filename\">04-2024 - Anuencia para enajenar bienes inmuebles complejo DC-1.pdf<\/span><span class=\\\"filesize\\\"> (95.42 Kb)<\/span><\/a><\/li><li><a href=\"https:\/\/juntatreintaytres.gub.uy\/wp-content\/uploads\/2024\/05-2024 - Anuencia padrones productivos 2024.pdf\"><span class=\"filename\">05-2024 - Anuencia padrones productivos 2024.pdf<\/span><span class=\\\"filesize\\\"> (9.98 Kb)<\/span><\/a><\/li><li><a href=\"https:\/\/juntatreintaytres.gub.uy\/wp-content\/uploads\/2024\/06-2024 - Denominaci\u00f3n de los barrios ciudad de Treinta y Tres.pdf\"><span class=\"filename\">06-2024 - Denominaci\u00f3n de los barrios ciudad de Treinta y Tres.pdf<\/span><span class=\\\"filesize\\\"> (145.63 Kb)<\/span><\/a><\/li><li><a href=\"https:\/\/juntatreintaytres.gub.uy\/wp-content\/uploads\/2024\/07-2025 - Fijaci\u00f3n sueldo del intendente.pdf\"><span class=\"filename\">07-2025 - Fijaci\u00f3n sueldo del intendente.pdf<\/span><span class=\\\"filesize\\\"> (50.68 Kb)<\/span><\/a><\/li><li><a href=\"https:\/\/juntatreintaytres.gub.uy\/wp-content\/uploads\/2024\/08-2024 - Modificaci\u00f3n arts. 54 y 107 plan local.pdf\"><span class=\"filename\">08-2024 - Modificaci\u00f3n arts. 54 y 107 plan local.pdf<\/span><span class=\\\"filesize\\\"> (137.26 Kb)<\/span><\/a><\/li><li><a href=\"https:\/\/juntatreintaytres.gub.uy\/wp-content\/uploads\/2024\/09-2024 - Declaraci\u00f3n inter\u00e9s departamental Chacho Ramos 40 a\u00f1os cantando.pdf\"><span class=\"filename\">09-2024 - Declaraci\u00f3n inter\u00e9s departamental Chacho Ramos 40 a\u00f1os cantando.pdf<\/span><span class=\\\"filesize\\\"> (96.94 Kb)<\/span><\/a><\/li><li><a href=\"https:\/\/juntatreintaytres.gub.uy\/wp-content\/uploads\/2024\/10-2024 - Exoneraci\u00f3n Club Social Ra\u00edces padr\u00f3n 432.pdf\"><span class=\"filename\">10-2024 - Exoneraci\u00f3n Club Social Ra\u00edces padr\u00f3n 432.pdf<\/span><span class=\\\"filesize\\\"> (93.78 Kb)<\/span><\/a><\/li><\/ul>\n","protected":false},"excerpt":{"rendered":"","protected":false},"author":2,"featured_media":0,"parent":0,"menu_order":0,"comment_status":"closed","ping_status":"closed","template":"","meta":{"_et_pb_use_builder":"off","_et_pb_old_content":"","_et_gb_content_width":"","pgc_sgb_lightbox_settings":"","footnotes":""},"_links":{"self":[{"href":"https:\/\/juntatreintaytres.gub.uy\/index.php?rest_route=\/wp\/v2\/pages\/6724"}],"collection":[{"href":"https:\/\/juntatreintaytres.gub.uy\/index.php?rest_route=\/wp\/v2\/pages"}],"about":[{"href":"https:\/\/juntatreintaytres.gub.uy\/index.php?rest_route=\/wp\/v2\/types\/page"}],"author":[{"embeddable":true,"href":"https:\/\/juntatreintaytres.gub.uy\/index.php?rest_route=\/wp\/v2\/users\/2"}],"replies":[{"embeddable":true,"href":"https:\/\/juntatreintaytres.gub.uy\/index.php?rest_route=%2Fwp%2Fv2%2Fcomments&post=6724"}],"version-history":[{"count":1,"href":"https:\/\/juntatreintaytres.gub.uy\/index.php?rest_route=\/wp\/v2\/pages\/6724\/revisions"}],"predecessor-version":[{"id":6725,"href":"https:\/\/juntatreintaytres.gub.uy\/index.php?rest_route=\/wp\/v2\/pages\/6724\/revisions\/6725"}],"wp:attachment":[{"href":"https:\/\/juntatreintaytres.gub.uy\/index.php?rest_route=%2Fwp%2Fv2%2Fmedia&parent=6724"}],"curies":[{"name":"wp","href":"https:\/\/api.w.org\/{rel}","templated":true}]}}