{"id":6845,"date":"2025-07-07T19:50:26","date_gmt":"2025-07-07T22:50:26","guid":{"rendered":"https:\/\/juntatreintaytres.gub.uy\/?page_id=6845"},"modified":"2025-07-07T19:50:29","modified_gmt":"2025-07-07T22:50:29","slug":"decretos-ano-2025","status":"publish","type":"page","link":"https:\/\/juntatreintaytres.gub.uy\/?page_id=6845","title":{"rendered":"Decretos a\u00f1o 2025"},"content":{"rendered":"\n<ul class=\"\"><li><a href=\"https:\/\/juntatreintaytres.gub.uy\/wp-content\/uploads\/2025\/01-2025 - Declaraci\u00f3n interes departamental y cultural 100 a\u00f1os Rub\u00e9n Lena.pdf\"><span class=\"filename\">01-2025 - Declaraci\u00f3n interes departamental y cultural 100 a\u00f1os Rub\u00e9n Lena.pdf<\/span><span class=\\\"filesize\\\"> (94.28 Kb)<\/span><\/a><\/li><li><a href=\"https:\/\/juntatreintaytres.gub.uy\/wp-content\/uploads\/2025\/02-2025 - Anuencia exoneraci\u00f3n a mevir del pago de tributos departamentales.pdf\"><span class=\"filename\">02-2025 - Anuencia exoneraci\u00f3n a mevir del pago de tributos departamentales.pdf<\/span><span class=\\\"filesize\\\"> (90.81 Kb)<\/span><\/a><\/li><li><a href=\"https:\/\/juntatreintaytres.gub.uy\/wp-content\/uploads\/2025\/03-2025 - Declaraci\u00f3n inter\u00e9s departamental Cinclus SA nodo logistico cebollati.pdf\"><span class=\"filename\">03-2025 - Declaraci\u00f3n inter\u00e9s departamental Cinclus SA nodo logistico cebollati.pdf<\/span><span class=\\\"filesize\\\"> (96.16 Kb)<\/span><\/a><\/li><\/ul>\n","protected":false},"excerpt":{"rendered":"","protected":false},"author":2,"featured_media":0,"parent":0,"menu_order":0,"comment_status":"closed","ping_status":"closed","template":"","meta":{"_et_pb_use_builder":"off","_et_pb_old_content":"","_et_gb_content_width":"","pgc_sgb_lightbox_settings":"","footnotes":""},"_links":{"self":[{"href":"https:\/\/juntatreintaytres.gub.uy\/index.php?rest_route=\/wp\/v2\/pages\/6845"}],"collection":[{"href":"https:\/\/juntatreintaytres.gub.uy\/index.php?rest_route=\/wp\/v2\/pages"}],"about":[{"href":"https:\/\/juntatreintaytres.gub.uy\/index.php?rest_route=\/wp\/v2\/types\/page"}],"author":[{"embeddable":true,"href":"https:\/\/juntatreintaytres.gub.uy\/index.php?rest_route=\/wp\/v2\/users\/2"}],"replies":[{"embeddable":true,"href":"https:\/\/juntatreintaytres.gub.uy\/index.php?rest_route=%2Fwp%2Fv2%2Fcomments&post=6845"}],"version-history":[{"count":1,"href":"https:\/\/juntatreintaytres.gub.uy\/index.php?rest_route=\/wp\/v2\/pages\/6845\/revisions"}],"predecessor-version":[{"id":6846,"href":"https:\/\/juntatreintaytres.gub.uy\/index.php?rest_route=\/wp\/v2\/pages\/6845\/revisions\/6846"}],"wp:attachment":[{"href":"https:\/\/juntatreintaytres.gub.uy\/index.php?rest_route=%2Fwp%2Fv2%2Fmedia&parent=6845"}],"curies":[{"name":"wp","href":"https:\/\/api.w.org\/{rel}","templated":true}]}}

Decretos año 2025

<ul class=""><li><a href="https://juntatreintaytres.gub.uy/wp-content/uploads/2025/01-2025 - Declaración interes departamental y cultural 100 años Rubén Lena.pdf"><span class="filename">01-2025 - Declaración interes departamental y cultural 100 años Rubén Lena.pdf</span><span class=\"filesize\"> (94.28 Kb)</span></a></li><li><a href="https://juntatreintaytres.gub.uy/wp-content/uploads/2025/02-2025 - Anuencia exoneración a mevir del pago de tributos departamentales.pdf"><span class="filename">02-2025 - Anuencia exoneración a mevir del pago de tributos departamentales.pdf</span><span class=\"filesize\"> (90.81 Kb)</span></a></li><li><a href="https://juntatreintaytres.gub.uy/wp-content/uploads/2025/03-2025 - Declaración interés departamental Cinclus SA nodo logistico cebollati.pdf"><span class="filename">03-2025 - Declaración interés departamental Cinclus SA nodo logistico cebollati.pdf</span><span class=\"filesize\"> (96.16 Kb)</span></a></li></ul>
